 are the prime factors of 1381883?
1381883
What are the prime factors of 1062007?
17, 179, 349
What are the prime factors of 9497122?
2, 607, 7823
What are the prime factors of 3361443?
3, 1120481
List the prime factors of 179121.
3, 59707
What are the prime factors of 2126715?
3, 5, 29, 4889
List the prime factors of 2032721.
2032721
List the prime factors of 122701.
122701
List the prime factors of 1928174.
2, 17, 56711
What are the prime factors of 749990?
2, 5, 37, 2027
What are the prime factors of 591132?
2, 3, 49261
List the prime factors of 8538643.
1559, 5477
List the prime factors of 172068.
2, 3, 13, 1103
What are the prime factors of 10218936?
2, 3, 7, 13, 4679
List the prime factors of 327057.
3, 41, 2659
What are the prime factors of 27225?
3, 5, 11
List the prime factors of 1499790.
2, 3, 5, 49993
What are the prime factors of 4183925?
5, 101, 1657
List the prime factors of 952636.
2, 238159
What are the prime factors of 234438?
2, 3, 41, 953
What are the prime factors of 153140?
2, 5, 13, 19, 31
What are the prime factors of 3639068?
2, 909767
What are the prime factors of 30221?
47, 643
List the prime factors of 9292862.
2, 19, 61, 211
What are the prime factors of 12318024?
2, 3, 337, 1523
What are the prime factors of 27096?
2, 3, 1129
List the prime factors of 104164.
2, 26041
What are the prime factors of 28020167?
7, 61, 211, 311
What are the prime factors of 15283036?
2, 3820759
List the prime factors of 412840.
2, 5, 10321
List the prime factors of 2806181.
7, 57269
What are the prime factors of 2706567?
3, 277, 3257
List the prime factors of 75487.
19, 29, 137
What are the prime factors of 971549?
971549
What are the prime factors of 1109721?
3, 67, 5521
List the prime factors of 945608.
2, 17, 409
List the prime factors of 5845514.
2, 2922757
List the prime factors of 264676.
2, 66169
What are the prime factors of 436809?
3, 145603
What are the prime factors of 548527?
7, 23, 3407
What are the prime factors of 7996385?
5, 439, 3643
List the prime factors of 292370.
2, 5, 13, 173
List the prime factors of 254856.
2, 3, 7, 37, 41
What are the prime factors of 12439462?
2, 7, 888533
What are the prime factors of 1823653?
13, 140281
What are the prime factors of 66474?
2, 3, 1231
What are the prime factors of 61801?
23, 2687
What are the prime factors of 8120015?
5, 61, 79, 337
What are the prime factors of 10218934?
2, 11, 42227
List the prime factors of 253877.
13, 59, 331
List the prime factors of 7836573.
3, 107, 24413
List the prime factors of 1257935.
5, 7, 127, 283
What are the prime factors of 907979?
167, 5437
List the prime factors of 3323586.
2, 3, 7, 79133
What are the prime factors of 1255090?
2, 5, 125509
List the prime factors of 838195.
5, 53, 3163
What are the prime factors of 3550681?
3550681
List the prime factors of 565920.
2, 3, 5, 131
List the prime factors of 506254.
2, 7, 36161
What are the prime factors of 4309150?
2, 5, 86183
What are the prime factors of 20577?
3, 19
What are the prime factors of 1439687?
19, 75773
List the prime factors of 338956.
2, 101, 839
List the prime factors of 815854.
2, 13, 31379
List the prime factors of 416444.
2, 7, 107, 139
What are the prime factors of 27219?
3, 43, 211
List the prime factors of 6099004.
2, 73, 20887
List the prime factors of 7933401.
3, 7, 125927
What are the prime factors of 2627526?
2, 3, 11, 41, 971
List the prime factors of 437433.
3, 139, 1049
What are the prime factors of 29065930?
2, 5, 2906593
List the prime factors of 2467449.
3, 91387
What are the prime factors of 94155?
3, 5, 6277
What are the prime factors of 5946011?
37, 271, 593
What are the prime factors of 21134563?
89, 237467
List the prime factors of 1264571.
7, 11, 1493
What are the prime factors of 618303?
3, 7, 29443
What are the prime factors of 333714?
2, 3, 55619
What are the prime factors of 5600615?
5, 23, 31, 1571
List the prime factors of 8765127.
3, 7, 373
List the prime factors of 169544.
2, 21193
List the prime factors of 901954.
2, 53, 67, 127
What are the prime factors of 459588?
2, 3, 38299
List the prime factors of 2611654.
2, 61, 21407
List the prime factors of 1500857.
1500857
List the prime factors of 36470770.
2, 5, 7, 137, 3803
List the prime factors of 663209.
663209
What are the prime factors of 365539?
23, 691
List the prime factors of 335390.
2, 5, 11, 3049
What are the prime factors of 3761683?
43, 87481
List the prime factors of 804326.
2, 31, 12973
What are the prime factors of 1041208?
2, 7, 18593
What are the prime factors of 542634?
2, 3, 90439
What are the prime factors of 5851445?
5, 67, 17467
List the prime factors of 19694483.
17, 68147
What are the prime factors of 452799?
3, 50311
What are the prime factors of 23551317?
3, 19, 5101
List the prime factors of 20829923.
31, 671933
What are the prime factors of 28823477?
29, 993913
List the prime factors of 1624918.
2, 19, 61, 701
What are the prime factors of 1374238?
2, 41, 16759
What are the prime factors of 106509?
3, 13, 2731
List the prime factors of 11693755.
5, 2338751
List the prime factors of 1346167.
23, 107, 547
What are the prime factors of 139104?
2, 3, 7, 23
What are the prime factors of 1964970?
2, 3, 5, 7, 3119
What are the prime factors of 11250206?
2, 11, 433, 1181
List the prime factors of 6713018.
2, 13, 19861
List the prime factors of 1797640.
2, 5, 13, 3457
What are the prime factors of 187748?
2, 11, 17, 251
List the prime factors of 963168.
2, 3, 79, 127
What are the prime factors of 4276338?
2, 3, 11, 64793
List the prime factors of 1602789.
3, 439, 1217
What are the prime factors of 3049151?
7, 435593
What are the prime factors of 30397?
113, 269
What are the prime factors of 473150?
2, 5, 9463
What are the prime factors of 147641?
13, 41, 277
What are the prime factors of 19661783?
19661783
What are the prime factors of 12254288?
2, 765893
List the prime factors of 4516059.
3, 1505353
What are the prime factors of 23118886?
2, 7, 67, 503
List the prime factors of 12272702.
2, 13, 472027
What are the prime factors of 10316683?
13, 793591
List the prime factors of 267692.
2, 66923
What are the prime factors of 834648?
2, 3, 83, 419
What are the prime factors of 2649721?
19, 139459
What are the prime factors of 115894?
2, 57947
List the prime factors of 1968393.
3, 7, 67, 1399
What are the prime factors of 1130365?
5, 331, 683
List the prime factors of 4863251.
101, 179, 269
List the prime factors of 3728277.
3, 7, 23, 31, 83
List the prime factors of 25370932.
2, 23, 97, 2843
List the prime factors of 3983707.
7, 13, 43777
What are the prime factors of 28109208?
2, 3, 19, 61643
What are the prime factors of 6857493?
3, 463, 4937
What are the prime factors of 7153359?
3, 593, 4021
What are the prime factors of 1701832?
2, 11, 83, 233
What are the prime factors of 288648?
2, 3, 19, 211
List the prime factors of 206991.
3, 109, 211
What are the prime factors of 15380119?
15380119
What are the prime factors of 370792?
2, 46349
What are the prime factors of 711149?
181, 3929
What are the prime factors of 6771431?
47, 144073
What are the prime factors of 868251?
3, 289417
What are the prime factors of 636474?
2, 3, 37, 47, 61
List the prime factors of 182504.
2, 7, 3259
List the prime factors of 518745.
3, 5, 34583
List the prime factors of 1121209.
19, 59011
What are the prime factors of 17929932?
2, 3, 1494161
List the prime factors of 26967159.
3, 1249, 2399
List the prime factors of 10024986.
2, 3, 1670831
What are the prime factors of 1039499?
17, 47, 1301
What are the prime factors of 87619?
7, 12517
What are the prime factors of 19636442?
2, 7, 1402603
List the prime factors of 222383.
7, 31769
What are the prime factors of 25023953?
103, 127, 1913
What are the prime factors of 59282?
2, 29641
What are the prime factors of 14775434?
2, 127, 58171
What are the prime factors of 1919809?
47, 40847
List the prime factors of 1428549.
3, 476183
What are the prime factors of 8276?
2, 2069
List the prime factors of 272973.
3, 19, 4789
List the prime factors of 409530.
2, 3, 5, 11, 17, 73
List the prime factors of 11092591.
41, 270551
List the prime factors of 636949.
157, 4057
List the prime factors of 8663278.
2, 13, 19, 71
List the prime factors of 1440864.
2, 3, 5003
L